emainder when 18 is divided by s?
0
Let i(x) = -31*x - 244. Suppose 4*m = -8, -4*a - 4 - 6 = 3*m. Let u = 13 + a. Calculate the remainder when i(-9) is divided by u.
11
Suppose -4*s = d - s, 0 = 3*d - 5*s - 70. Let p(r) = 4*r**2 - 11*r + 38. Let n be p(-13). Suppose 15*m - n = -47. What is the remainder when m is divided by d?
9
Suppose -q = -2*h + 1, 3*q - h - 3 = 2*h. Let x = 243 - 255. Calculate the remainder when 43 is divided by (279/60 + q/x)*5.
21
Suppose -5*a = 2*s - 8132, 4*a - 6506 = 1360*s - 1362*s. What is the remainder when a is divided by 74?
72
Let a(s) = 36*s + 247. What is the remainder when 746 is divided by a(0)?
5
Let r = -2494 + 2667. What is the remainder when 534 is divided by r?
15
Let t = 134 - 87. Let b be (-2)/12 - (-1612)/24. Let c = t + b. What is the remainder when c is divided by 39?
36
Let t = 149 - 145. Calculate the remainder when (2 - (5 - 22)) + t is divided by 5.
3
Let u(d) = 4 + 5*d + 8 + 8. Suppose 22 + 9 = f. Calculate the remainder when u(8) is divided by f.
29
Suppose -209*b - 60 = -179*b. Suppose 6 + 6 = -3*z. Calculate the remainder when 70 is divided by z + (28 + b - 4).
16
Let t be (-2055)/10 - 9/6. Let r = 264 + t. What is the remainder when r is divided by 12?
9
Let u = -147 + 361. Suppose 622 = 24*s + u. Calculate the remainder when 57 is divided by s.
6
Calculate the remainder when (2 + 54)/(-8 + (-68)/(-8)) is divided by 24.
16
Let s = 8649 - 8566. Calculate the remainder when 12033 is divided by s.
81
Let q = 237 + -161. Let i = q + -60. Calculate the remainder when 55 is divided by i.
7
Suppose -k - 2*p - 161 = -4*k, 0 = -4*k + 3*p + 214. Let i = k + -32. Calculate the remainder when i is divided by 3.
2
Let d(l) = -5*l + 28 - 2*l**2 - 6 - 7*l - 33*l. Let s be d(-23). Calculate the remainder when ((9/(-2))/s)/((-16)/(-32)) is divided by 7.
2
Suppose r + 116 = -3*r. Let u be 5*(84/(-30) + 4) - -49. Let i = r + u. What is the remainder when 73 is divided by i?
21
Suppose -31*z + 23*z - 4392 = 0. Let c = z + 657. What is the remainder when c is divided by 27?
0
Let o be (-408)/136*16/(-6)*1. Suppose 15 = -5*r, -3*k - 4*r = -o*k + 167. Calculate the remainder when k is divided by 4/14 - 26/(-7).
3
Let d be (-1 - 103) + ((-32)/4 - -10). Let q = -75 - d. What is the remainder when 61 is divided by q?
7
Let t(c) = -c**2 - 16*c + 4. Let o be t(-16). Suppose 4 + 44 = 4*q. What is the remainder when 2/((-163)/41 + o) is divided by q?
10
Let r(v) = 20*v**2 + 202*v - 17. Calculate the remainder when r(5) is divided by 88.
85
Let b = -8495 + 8979. Calculate the remainder when b is divided by 231.
22
Let g(j) = 4 - 12*j**2 + 1 - 4*j + 16*j**2. Calculate the remainder when g(-3) is divided by 21.
11
What is the remainder when ((-35046)/8)/(-11) + 63/(-252) is divided by 311?
87
Let z(v) = -8*v**2 + 117*v + 48. What is the remainder when 587 is divided by z(15)?
2
Let m(b) = 13*b + 9. Let j be m(4). Let o = -34 + j. Calculate the remainder when 32 is divided by 20/15*o/2.
14
Let c(h) = -h**2 + 12*h + 9. Suppose 0 = 16*g - 17*g + 3*u + 100, 0 = 5*g + 2*u - 653. What is the remainder when g is divided by c(7)?
39
Let g(n) = -n**3 + 14*n**2 + 2*n - 29. Let k be g(14). Let i(o) = -4*o - 22*o + 1 + o. What is the remainder when 75 is divided by i(k)?
23
Let v(z) = z**3 + 11*z**2 + 14*z + 11. Suppose 4*l + 52 = 4*d, -2*d - 37 = 5*l - 0*d. Calculate the remainder when v(l) is divided by 10.
7
Let j = 173 - 170. Let p(u) = -u**2 + 18. Let r be p(0). Suppose -j*x + 18 = -r. Calculate the remainder when x is divided by 9.
3
Suppose -2*z + 78 = -5*s - 11, -s = 2*z + 25. Let n be (-2)/(-1) + s + 12. Calculate the remainder when 27 - (n - -3)/(-2) is divided by 6.
2
Suppose -4*c - 18*c = 1532 - 11696. Calculate the remainder when c is divided by 158.
146
Suppose -11*h - 13*h + 25872 = 0. Calculate the remainder when h is divided by 47.
44
Suppose -311*f - 4275 = -336*f. What is the remainder when 370 is divided by f?
28
Suppose -18*t - 53 = 397. Let k be 2/5 - 65/t. Suppose 0 = -4*z + k*y + 181, 3*z = y + 27 + 110. Calculate the remainder when 320 is divided by z.
44
Let j(o) = o**3 - o**2 - 19*o + 12. Calculate the remainder when 355 is divided by j(5).
15
Suppose 0 = -4*h + 5*w + 115, -13*w + 6 = h - 11*w. Suppose -a - 2*s + 102 = 0, -a + 2*s = -67 - 19. Calculate the remainder when a is divided by h.
14
Let s(o) = -24*o**2 - 12*o - 8. Let f(v) = -v**2 - 2*v - 1. Let g(w) = 5*f(w) - s(w). Calculate the remainder when g(-3) is divided by 34.
32
Let q(l) = l**3 - 14*l**2 + 46*l - 8. Let o be q(9). What is the remainder when 43 is divided by o*-9 - 1280/(-64)?
10
Let g = 492 - 271. Let i = 18064 - 18019. Calculate the remainder when g is divided by i.
41
Suppose 0 = 26*w - 27*w + 2*a - 10, -5*w - 2*a + 10 = 0. Suppose 6*h + 36 - 114 = w. What is the remainder when (38/6)/((-2)/(-6)) is divided by h?
6
Let d(j) = 246*j**3 - 7*j**2 + 7*j. Let r(x) = -245*x**3 + 6*x**2 - 6*x. Let b(i) = -6*d(i) - 7*r(i). What is the remainder when b(1) is divided by 30?
29
Let h(k) = 82*k - 6120. What is the remainder when h(96) is divided by 250?
2
Suppose 6*s + 142 = 2*o, -514*s + 516*s - 202 = -3*o. What is the remainder when 280 is divided by o?
8
Suppose -97 + 13093 = 12*y. Suppose 192 = -9*s + y. Calculate the remainder when s is divided by 20.
19
Suppose 248 = f - 3*q - 0*q, 0 = 4*f - 5*q - 985. Suppose 5*o = f - 45. Calculate the remainder when o is divided by 17.
6
Suppose -2*r - 56 = -4*h, 3*r + 41 = 4*h - 41. Let m = r - -29. Suppose 3*w = -j - 6, j + 4*w + 2 + 7 = 0. What is the remainder when j is divided by m?
0
Let j be -18*(-7)/3 - (1 - 1). Suppose -264*f + j = -262*f. Calculate the remainder when 27 is divided by f.
6
Let s(z) = -z + 8. Let h be s(8). Suppose h*j = 3*j. Suppose -l + 5*c = -60, j = 4*l - c + 3*c - 284. What is the remainder when l is divided by 20?
10
Suppose -6*o + 5*o - 157 = 0. Let s = -71 - o. What is the remainder when s is divided by 31?
24
Suppose -322*b - 197*b = 80*b - 24559. Let z = 31 + -17. Calculate the remainder when b is divided by 1/(1 - 13/z).
13
Suppose 3*a + 3*c - 10134 = 0, a - 13500 = -3*a - c. Let n = a - 4886. Calculate the remainder when 64 is divided by n/(-88) + (-2)/11.
13
Suppose -1176 = 5*h - 47*h. Suppose h*j = -18*j + 460. Calculate the remainder when ((-57)/2)/((-3)/4) is divided by j.
8
Let l = -31 - -37. Let t be 3/(-6)*(-13 - l/(-2)). Suppose -t*u + 90 = 20. What is the remainder when 53 is divided by u?
11
What is the remainder when 614 is divided by -132*(28/(-16))/7 + (-38)/(-19)?
19
What is the remainder when (-15462)/(-30) - -8 - (-6)/10 is divided by 52?
4
Suppose -5*o + 75*a = 71*a - 7329, 2*o - 2926 = 3*a. What is the remainder when o is divided by 16?
13
What is the remainder when 12/18 - (-4532)/6 is divided by 316?
124
Let a(u) = u**3 - u**2 - 2. Let y be a(4). Suppose -y*w + 42*w + 192 = 0. Calculate the remainder when w is divided by (-5)/(-2 - 3/(-2)).
8
Suppose g - 31 = -10. Let l(u) = 3*u - 5. Let v be l(3). Suppose 5*f = 0, 2*f + f + 164 = v*o. What is the remainder when o is divided by g?
20
What is the remainder when ((-1)/3)/((-109845)/9153 + 12) is divided by 60?
39
Suppose -5*m - 23 = -l - 2*l, -m = 4*l. Calculate the remainder when (6*(-3)/(-30) + 7/(-5))*-30 is divided by 2 - 6*(2 + m).
10
Suppose -46 = 3*n - 5*n. Suppose n*c = 22*c - 3*p + 99, 2*c - 198 = -4*p. Calculate the remainder when c is divided by 34.
31
Let w(a) = 6*a**2 - 28*a + 133. Suppose -3*l = -5 - 1. Suppose l*d - 75 = -3. Calculate the remainder when w(5) is divided by d.
35
Let c(t) = -t**3 - 10*t**2 + 10*t + 3. What is the remainder when ((-4207)/84)/((-14)/168) is divided by c(-11)?
13
Let p(u) = u**2 - 12*u + 95. Let s be p(16). Suppose -4*j + 2*v = -151 - s, -v + 165 = 2*j. What is the remainder when 153 is divided by j?
73
Let l be ((-6)/(-45)*3)/((-3)/(-15)). Let g = -58 + 58. Suppose g*k - l*k = -4*t + 194, 0 = t - k - 51. Calculate the remainder when t is divided by 16.
14
Suppose 40 = l - 5. Suppose 40*o = l*o - 155. Calculate the remainder when o is divided by 3/(22/8 - 2).
3
Suppose g = 4*g, 2*g - 42 = -2*v. Let k(s) = s**2 + 5*s + 11. Let f be k(-9). Suppose -f - 13 = -x. What is the remainder when x is divided by v?
18
Let h = -346 - -351. Suppose -4*z + 111 - 22 